n) = -612*n**2 + 13*n + 11. Let g(v) = -4*q(v) - 7*s(v). What are the prime factors of g(-1)?
307
Let w be 9/2*(-47816)/(-129). Suppose 0 = 3*i - w + 66. What are the prime factors of i?
2, 3, 89
Let k be (175/10)/(4/(-40)) - -2. Let f = 444 - k. What are the prime factors of f?
617
Let j(t) = -3*t**2 - 3*t + 6. Let p be j(-2). Suppose 3*s + p*f - 5*f = 962, -3*f = 5*s - 1558. List the prime factors of s.
2, 157
Let o = -6052 - -9568. Let i = o + -2459. List the prime factors of i.
7, 151
Let q(k) = k**2 + 16*k - 11. Let v(d) = -2*d**2 - 16*d + 12. Let y(x) = 4*q(x) + 3*v(x). Let p be y(7). What are the prime factors of (-9)/(-54) + 341/p?
3, 19
Suppose -3*w + 834 = -3*x, -924 = -5*w - 5*x + 456. Suppose 0 = v - 68 - w. List the prime factors of v.
3, 5, 23
Suppose 83*h + 223438 = 130*h. What are the prime factors of h?
2, 2377
Let t = -663 + 30653. List the prime factors of t.
2, 5, 2999
Let z(t) = 21*t**2 + 169*t + 2746. What are the prime factors of z(-27)?
2, 3373
Let b be (5/(-15)*3)/1. Let r(o) = -196*o - 4. Let q be r(b). Suppose -3*y = n - q, -8*n + 12*n - 717 = 5*y. List the prime factors of n.
3, 61
Let d = 34917 + -20039. List the prime factors of d.
2, 43, 173
Let b(d) = 2*d**2 - 5*d + 12. Let y = 3 - 6. Let a be -5*(8/(-2) - y). What are the prime factors of b(a)?
37
What are the prime factors of 34/8*-4 + 11764?
17, 691
Suppose 203*h = 17*h - 109*h + 12962890. What are the prime factors of h?
2, 127, 173
Let c = 80 - 53. Let a = c - 30. List the prime factors of (-105)/(-7) - (-1 + a).
19
Suppose 9*j - 6*j + 22618 = 5*x, 2*x - j - 9048 = 0. Suppose 5*h = x + 204. What are the prime factors of h?
2, 11, 43
Let c(y) = 83*y**3 - 46*y**2 + 238*y - 5. List the prime factors of c(5).
2, 3, 5, 347
Let q = -306 - -4318. What are the prime factors of q?
2, 17, 59
Suppose -189819 = 161*n - 230*n. List the prime factors of n.
3, 7, 131
Let q(n) = -12*n + 10257 - 10210 + 2*n. List the prime factors of q(-10).
3, 7
Let v(q) = 111*q**3 + 3*q**2 - 12*q - 77. List the prime factors of v(6).
5, 4787
Let x = 16907 - 1465. What are the prime factors of x?
2, 7, 1103
Let y(j) = -8*j - 4*j - 640*j**2 + j**3 - 60 + 641*j**2. What are the prime factors of y(10)?
2, 5, 23
Suppose 5*b = -4*u + 69817, 585*b - 582*b + 21 = 0. What are the prime factors of u?
3, 5821
Let m(p) = -2*p. Let k be m(0). Let o(c) = -2*c + 103. Let q be o(k). Suppose 0 = -a + q - 17. What are the prime factors of a?
2, 43
Suppose 119 = 21*r - 91. Suppose r*a = -725 + 2125. List the prime factors of a.
2, 5, 7
Let b(v) = -4*v + 82. Let l be b(18). List the prime factors of ((-26838)/(-105))/(4/l).
3, 71
Let d be 28/(-6)*(-6)/(-4). Let u(a) = -6*a - 5*a + 5*a - 7*a**2 - 4*a**3 + 3*a**3. List the prime factors of u(d).
2, 3, 7
Suppose j - 3*o - 320 = 0, -95 - 235 = -j + 5*o. Suppose 5*t - 10 = 0, -2323 = -4*k - 5*t - j. List the prime factors of k.
2, 251
List the prime factors of (-5*76)/(((-90)/459)/5).
2, 3, 5, 17, 19
Let m(y) = -2*y**3 - 2*y**2 - 16*y + 9. Let u(x) = x**3 + 2*x**2 + 16*x - 10. Let c(p) = -3*m(p) - 4*u(p). What are the prime factors of c(6)?
277
Let o(k) = 3*k**2 + 3*k - 5. Suppose 2*g - 39 = -11. Let a be o(g). Suppose -46*n = -51*n + a. List the prime factors of n.
5
Let p be 3 + ((0 - 1) + 2)/1. Suppose 0 = -16*z + p*z + 5484. List the prime factors of z.
457
Let b(q) = -71*q**3 - 7*q**2 + 60*q + 295. List the prime factors of b(-5).
5, 37, 47
Let r = 4088 + -541. What are the prime factors of r?
3547
Suppose 0 = 35*i + 48*i - 482977. What are the prime factors of i?
11, 23
Let h(o) = -14*o + 2715. List the prime factors of h(151).
601
Let u be ((-498)/(-15))/((-1)/(-5)). Let p(r) = 4*r**3 - 21*r**2 + 20*r. Let o be p(4). Suppose o*t - u = -t + s, -4*s = -4. What are the prime factors of t?
167
Let b(w) = 21*w + 16. Suppose 33 = 3*p + 2*i - 5*i, -3*p = 4*i - 19. What are the prime factors of b(p)?
5, 41
Suppose -2*v - 3*y - 11 = 0, -3*y = 2*y + 15. List the prime factors of ((-42)/24 - v)*-4 + 291.
2, 3, 7
Let l = -68 - -73. Let j be -2*((-10)/25)/(4/l). Let d(s) = 67*s**2 + 4*s - 3. What are the prime factors of d(j)?
2, 17
Suppose 4*k + 16 = y, 2*k = y + k + 2. Let o = 73 - 105. What are the prime factors of (-1428)/o - 3/y?
3, 5
Let s = -866 - -1249. Suppose 5*t + n = s, 2*t - 160 = 3*n - 0*n. What are the prime factors of t?
7, 11
Let r(j) be the second derivative of -j**4/6 - j**3/3 + j**2 + 10*j. Let q be r(-2). What are the prime factors of (0 - 4) + 43 - q?
41
Suppose 0 = -2*q, 2*q = 122*w - 123*w + 830. Suppose w = 7*r + 690. What are the prime factors of r?
2, 5
Let n be 2/(-14) + (-11853)/(-63). Suppose 10*t = -313 + 63. Let f = n + t. List the prime factors of f.
163
Let b = 1454 + 2178. List the prime factors of b.
2, 227
Let b be 6/21 - (2 + 68620/(-28)). Suppose 0 = 2*j + 10, 3*l + j = 7*l - b. What are the prime factors of l?
13, 47
Suppose 277*a = 249*a + 166348. What are the prime factors of a?
13, 457
What are the prime factors of (3/6)/(2 - 2274/1136)*-28?
2, 7, 71
Suppose 0 = -22*f + 11*f - 2310. Let d = 154 - f. What are the prime factors of d?
2, 7, 13
Let q be (-1)/(-13) - 10528/(-364). Let z = q - -168. What are the prime factors of z?
197
List the prime factors of (38 - 20097/528) + (-135697)/(-16).
3, 11, 257
Let x be 9288/15 + (-6)/30. Suppose -4*q - x = -3*f, -f + 0*q + 211 = q. List the prime factors of f.
11, 19
Let x(r) = r**2 - 22*r - 40. Let c(j) = -j**2 + 23*j + 40. Let d(z) = 5*c(z) + 6*x(z). Suppose 94 - 110 - 168 = -8*w. List the prime factors of d(w).
2, 7
Let w be (-10)/60 - (-15)/(-18). Let o(j) = 11*j - 75*j - 41*j - 4. List the prime factors of o(w).
101
Let x = -314 - -118. Let w = 77 - x. List the prime factors of w.
3, 7, 13
Let o = 28270 - 3631. What are the prime factors of o?
3, 43, 191
Suppose 125 = 12*o + 101. Suppose 132 = 5*p + 2*s, 5*p - o*s - 27 = 101. What are the prime factors of p?
2, 13
Let q = 3362 - 3093. What are the prime factors of q?
269
Let k be (-430)/15 - 10/(-15). Let f(h) = -h**3 - 30*h**2 - 57*h - 30. Let p be f(k). List the prime factors of p*((-1)/1 + 103/(-2)).
3, 5, 7
Suppose 24*q = 27*q + 783. Let g = q - -1025. List the prime factors of g.
2, 191
Suppose -4*f - 18 = -2*k - 176, -2*f = k + 71. List the prime factors of (k/9 - -5)*-129.
2, 5, 43
Suppose -x - 5*a + 2196 = 0, a + 1083 + 9793 = 5*x. List the prime factors of x.
2, 17
Let b = -108 - -112. Suppose -f - b = -2*f. Let t(j) = 56*j - 22. List the prime factors of t(f).
2, 101
Suppose 0 = 150*q - 147*q + 759. What are the prime factors of 2132/11 + (-46)/q?
2, 97
Suppose 263*d + 547691 - 9748399 = -5*d. List the prime factors of d.
11, 3121
Let k = -23064 - -32396. What are the prime factors of k?
2, 2333
What are the prime factors of (-3895492)/(-656) - 14/(-8)?
2, 3, 5, 11
Suppose -8*k + 112*k + 501752 - 1741224 = 0. What are the prime factors of k?
2, 59, 101
Suppose c + 3 = 3*a, 3*a - 1 - 2 = 4*c. Suppose c = 5*i - 4839 + 1904. List the prime factors of i.
587
Let d(m) = -1174*m + 18069. What are the prime factors of d(-24)?
3, 5, 3083
Let x be 4 + 1*-1 + 1. Let y = -2555 + 2628. Suppose x*b - 5*r - 61 = -11, r = 5*b - y. What are the prime factors of b?
3, 5
Let j(m) = 120*m + 69. Let z be j(-7). Let n = 1625 + z. List the prime factors of n.
2, 7, 61
Let g(n) = 24*n**2 - 81*n + 60. What are the prime factors of g(28)?
2, 3, 173
Let w = 2768 - -27350. What are the prime factors of w?
2, 11, 37
Suppose 5 = -2*f - 2*f - 5*u, 2*f = 2*u + 2. Let w(s) be the second derivative of -s**3/6 + 31*s**2 + 19*s. List the prime factors of w(f).
2, 31
Let z(b) = -628*b - 4811. What are the prime factors of z(-42)?
5, 19, 227
Let u(a) = 111*a**2 + 207*a + 369. List the prime factors of u(-27).
3, 13, 647
Let t(c) = -5*c + 20. Let y(x) = -4*x + 19. Let n(l) = -7*t(l) + 6*y(l). Let q be 5/2*(-160)/(-50). List the prime factors of n(q).
2, 31
Suppose -3*n - z = 26, n - 6*z = -z + 18. What are the prime factors of (((-140)/(-6))/n)/(8/(-564))?
5, 47
Suppose 3549 = 5*g - 2*n, n - 999 = -g - 285. Let h = g - 247. List the prime factors of h.
2, 29
Let y be (-2 - (-5)/2)/(5/830). Let k = -79 + y. Suppose k*c + 4*o = 744, o - 364 - 558 = -5*c. What are the prime factors of c?
2, 23
Suppose -3*g + 2*p = 6, -3*p + 8 = g - 7*p. Let w be 186*-4*g/4